4458 + 141748 = 14*a. List the prime factors of a.
3, 8243
Let t = -1 + 16. Suppose 4*w - 3 = u, 2*u = -u + t. Suppose 3*j + w*f = 690, 0 = -f + 8 - 5. What are the prime factors of j?
2, 3, 19
Suppose 0 = 55*l - 83*l + 117572. List the prime factors of l.
13, 17, 19
Let y = -61265 + 106581. List the prime factors of y.
2, 11329
Suppose -3*s = -6 + 6. Suppose s = 10*h - 3*h - 35. Suppose 4*u = i + 637, -4*u = -0*i + h*i - 631. What are the prime factors of u?
3, 53
Let w be (-6)/14 - (-7884)/(-28). Let f = 143 + w. Let d = 344 + f. List the prime factors of d.
5, 41
Let j(v) = -85*v**3 - 22*v**2 - 63*v - 38. What are the prime factors of j(-7)?
2, 5, 89
Suppose 5*s - 17*h - 4516 = -14*h, 0 = 5*s - h - 4522. Suppose -7233 - s = -26*c. List the prime factors of c.
313
Suppose -d = 4*i + 4, 0*i + 16 = -4*i + 2*d. Let r be (i + (-32)/(-12))/((-4)/(-54)). Suppose r*b = 6*b + 54. What are the prime factors of b?
2, 3
Let x(i) = -37292*i**3 + 32*i + 35. List the prime factors of x(-1).
5, 7459
Suppose 220 = 5*m - 5*y, -4*y - y = 5*m - 210. Let q = 108 + 121. Suppose z = m + q. List the prime factors of z.
2, 17
Suppose -6 = -6*x + 4*x. Let c = 359 + -86. List the prime factors of c + x*(-4)/4.
2, 3, 5
Let o(w) = 2*w**3 + 22*w - 573. List the prime factors of o(14).
3, 1741
Suppose -23*g + 27*g = 0. What are the prime factors of (120/(-5))/(g - (-6)/(-92))?
2, 23
Let b(u) = 2*u**2 + 9*u - 8. Let i(z) = 3*z + 56. Let j be i(-13). Let m = j + -8. List the prime factors of b(m).
5, 47
Suppose 4*q - 3345*z + 3349*z - 108172 = 0, q - z = 27055. What are the prime factors of q?
11, 2459
Suppose 371*l + 309708 = 434*l. List the prime factors of l.
2, 1229
Let h(f) = -2*f**2 - 15*f - 41. Let x be h(-5). List the prime factors of (507 - 2)*1*x/(-20).
2, 101
Let v be (-2 - 4)*(-4 - -2). Let t = 12 - v. Suppose t = h + i - 106, -i = h + h - 216. What are the prime factors of h?
2, 5, 11
Suppose 0 = -36*r + 35*r + 436. Let x = -220 + r. List the prime factors of x.
2, 3
Suppose -60 = 5*y - 11*y. Let k = y - 13. List the prime factors of 14 - (1 + 0) - k.
2
Let g = -495 + 1018. Let n = -317 + g. Let p = n + -32. List the prime factors of p.
2, 3, 29
Suppose -h + 31800 = 4*k, -63590 = -3*h - 4*k + 31850. What are the prime factors of h?
2, 5, 37, 43
Let s(x) = -x**3 - 4*x**2 - 13*x - 14. Let j be s(-2). Suppose 0 = 3*p + 3*h - 2058, -j*p + 11*h + 2771 = 6*h. List the prime factors of p.
13, 53
Let g(m) = 6*m + 98. Let u be g(-16). Suppose 0 = 2*h + 8, 0 = -d + u*h - 0*h + 649. What are the prime factors of d?
641
Suppose -4*f - q = -20, 8 = 4*q - 2*q. Let b be 289/(((2 - f) + 3)/1). Suppose -4*t = -b - 215. What are the prime factors of t?
2, 3, 7
Suppose -4*r + q - 292 = 4*q, 5*q = 3*r + 190. Let i = -64 - r. Suppose 10*f = i*f + 340. What are the prime factors of f?
5, 17
Let w = 1269 + -2077. Let p be w/(-6)*(-3)/(-2) - -3. Suppose 0 = 2*f + 3*h - 67, 8*f = 3*f + 5*h + p. What are the prime factors of f?
2, 19
Let y(s) be the second derivative of -s**4/12 - 5*s**3/3 - 9*s**2 + 21*s. Let o be y(-8). What are the prime factors of o - (61 + 4)*-1?
3, 7
Let r(q) = 57*q + 288. Let l(i) = -55*i - 287. Let w(m) = -5*l(m) - 6*r(m). What are the prime factors of w(-19)?
2, 5, 7
Let f = 26692 + -5477. List the prime factors of f.
5, 4243
Let v = -47 - -273. Suppose -12*j = -v - 134. What are the prime factors of 4776/45 - 4/j?
2, 53
Let j(d) = 11*d**3 - 5*d**2 + 6*d - 177. What are the prime factors of j(8)?
71, 73
Let i = -819 - -188. Let a = 1275 + i. List the prime factors of a.
2, 7, 23
Suppose -40 = -6*q - 4. Suppose -3768 = -2*r - q*r. List the prime factors of r.
3, 157
Let m = 24 + 68. Suppose -m*s + 98*s = 2100. List the prime factors of s.
2, 5, 7
Let i(h) = 12*h**3 + 262*h**2 - 5*h + 22. List the prime factors of i(-9).
12541
What are the prime factors of (-1148425)/(-21) - 12/15*(-135)/1134?
3, 18229
Let z be -90 - (2/(-7) - 10/(-35)). Let i = -86 - z. List the prime factors of i/5*(-3 + 118).
2, 23
List the prime factors of 1845/(-410) - 3163/(-2).
19, 83
Let m = -5558 + 8920. What are the prime factors of m?
2, 41
Suppose 109*u - 101*u - 8 = 0. Let p(b) = 380*b**3 - 3*b**2 + 7*b - 5. What are the prime factors of p(u)?
379
Suppose -19270 = -209*c - 3027 + 33499. What are the prime factors of c?
2, 7, 17
Let b = -3057 - -4075. List the prime factors of b.
2, 509
Suppose 5*f - 3*o = 10, -4*f - 2*o - 2*o + 8 = 0. Suppose -v = -3*i - 12, f = -4*i - v - 14. List the prime factors of (70/(-2))/(i - -3).
5, 7
Let m(l) = 4*l - 6. Let g be m(2). Let c(w) = w - 3 + w**g - 3*w + 13*w - 7. What are the prime factors of c(-13)?
2
Let j(y) = -20 + 6 - 514*y - 2. List the prime factors of j(-1).
2, 3, 83
Suppose -p = -2*q + 22686, 0 = -q - 2*q + 3*p + 34023. List the prime factors of q.
5, 2269
Let f = 60370 - 39907. List the prime factors of f.
3, 19, 359
Let m = 477 - -80. Let x = 982 - m. What are the prime factors of x?
5, 17
Suppose 0 = -3*v, 139 + 146 = 3*s + 4*v. Let d(y) = 5*y + 7. Let x be d(9). Let f = s - x. List the prime factors of f.
43
Suppose -3*n + 96 = 4*s, 0 = s + 5*n - 9*n - 5. Suppose -s*p + 3702 = 174. List the prime factors of p.
2, 3, 7
Let c(u) = -u**3 - 7*u**2 - 11*u - 4. Let n be c(-4). Let w(v) = v**3 + 9*v**2 + 10*v + 19. Let b be w(n). Let p = 11 - b. What are the prime factors of p?
2
Let m(u) = -12*u - 40. Let l(o) = -3*o - 10. Let d(c) = -9*l(c) + 2*m(c). Let a be d(-10). Let k(p) = -4*p - 68. What are the prime factors of k(a)?
2, 3
List the prime factors of ((-37494)/(-9) + -10)*(20/8 - 1).
2, 3, 1039
Suppose -2*l + 12424 = 6*l. Let m = -979 + l. What are the prime factors of m?
2, 7, 41
What are the prime factors of (9 - -19) + -14 - -5520?
2, 2767
Let v(m) = 4683*m**2 - 34 - 12*m + 35*m - 4684*m**2. Let r be ((-22)/5 + 4)*-35. List the prime factors of v(r).
2, 23
Suppose -26*h + 464007 = -66783. What are the prime factors of h?
3, 5, 1361
Let c = 3620 + -3327. What are the prime factors of c?
293
Suppose -32*w + 33*w - 380 = 0. Let k = -103 + w. What are the prime factors of k?
277
Let o(m) = -3 - m**3 + 2*m**3 + m + 15*m - 12 - 16*m**2. Let c be o(15). Suppose c = 3*y - d - 113, -3*y = 3*d - 6*d - 117. List the prime factors of y.
37
Suppose -4*t = 0, 3*c - 4*t - 8 = 28. What are the prime factors of 71 + (c/3 - 1)?
2, 37
Let t(w) = w**2 - 136. Let x be t(12). What are the prime factors of (-1374 - (5 - x))/(6/(-2))?
457
Let c(i) = 2054*i**3 - 139*i + 286. What are the prime factors of c(2)?
2, 3, 5, 137
List the prime factors of (228/(-342))/((4 - 2)/(-4542)).
2, 757
Let i(u) = u**3 - 5*u**2 - 4*u - 4. Let w be i(6). Let b(j) = j**3 - 8*j**2 + 9*j - 5. Let a be b(w). Suppose -a = -5*r + 53. List the prime factors of r.
2, 3
Let q = 56 - 47. Let p(r) = -13 + 7*r - 2 + q*r - 10*r. What are the prime factors of p(7)?
3
Suppose -2*f = -3*n - 2, -5*n - 3 - 17 = 5*f. What are the prime factors of (-72)/((-5)/(-30)*f)?
2, 3
Suppose -3*b = -3*h - 1038, 5*h + 370 = b + 40. Suppose -4*x + 118 = 5*k, 15*k + 2*x = 18*k - 84. Suppose -k*m + 24*m = -b. What are the prime factors of m?
5, 7
Let j(y) be the second derivative of 8*y**3/3 - 54*y**2 + 62*y + 2. List the prime factors of j(17).
2, 41
Suppose -245*b - 63973 = -248*b + 5*n, b - 21336 = 4*n. What are the prime factors of b?
2, 73
Let b = -4440 + 6708. Suppose b = 3*j - 8*k + 7*k, 756 = j - 5*k. List the prime factors of j.
2, 3, 7
Let w = -6581 - -13017. List the prime factors of w.
2, 1609
What are the prime factors of (3971/(-66))/(27/(-12798))?
19, 79
Let s = -70 - -77. Suppose -s*m + 38 = -4043. List the prime factors of m.
11, 53
Let d be (2 - 25/10)/(14/5684). Suppose 5*r - 6*p = -4*p - 1422, 5*p + 306 = -r. Let m = d - r. What are the prime factors of m?
83
What are the prime factors of (-1 + 64/3)*(-1077)/(-1)?
61, 359
Let r = -167 - -285. Suppose -266*d = -268*d + r. What are the prime factors of d?
59
Let w = -639 - -245. Let c = -96 - w. Suppose 5*n = 4*t + 506, 0 = 2*n - 5*n + t + c. List the prime factors of n.
2, 7
List the prime factors of 47/((-32)/(1292160/(-242300)) + (-7 - -1)).
3, 47, 673
Let i be -2025 + ((-56)/126)/(4/(-18)). Let s = -1131 - i. What are the prime factors of s?
2, 223
Let x(b) = -3*b**3 + 48*b**2 + 4*b - 44. Let p(l) = 2*l**3 - 47*l**2 - 4*l + 43.